1704462 a multiple of 19?
False
Is 405900 a multiple of 660?
True
Is 1397484 a multiple of 11?
True
Is 165 a factor of 3333564?
False
Is 1620673 a multiple of 15?
False
Is 14 a factor of 1823794?
True
Is 6 a factor of 1079339?
False
Does 22 divide 150062?
True
Is 346814 a multiple of 68?
False
Is 4336353 a multiple of 147?
True
Is 75 a factor of 6965469?
False
Is 3819403 a multiple of 23?
True
Is 11454160 a multiple of 54?
False
Is 594944 a multiple of 12?
False
Is 11 a factor of 638275?
True
Does 548 divide 199544?
False
Is 1424792 a multiple of 739?
True
Does 397 divide 1984206?
True
Is 18 a factor of 3637908?
True
Does 169 divide 339484?
False
Is 866005 a multiple of 64?
False
Does 7 divide 40751?
False
Is 71599 a multiple of 61?
False
Does 4 divide 259276?
True
Does 2 divide 36216?
True
Does 36 divide 11114?
False
Is 47 a factor of 22068?
False
Is 165410 a multiple of 238?
True
Does 12 divide 97644?
True
Does 11 divide 19542?
False
Is 13 a factor of 5832385?
True
Does 12 divide 313668?
True
Is 443304 a multiple of 262?
True
Does 184 divide 16276400?
False
Does 13 divide 3956468?
False
Is 768 a factor of 883952?
False
Is 1369427 a multiple of 794?
False
Is 14884 a multiple of 14?
False
Is 5411414 a multiple of 402?
False
Does 55 divide 91160?
False
Is 97 a factor of 77995?
False
Is 84795 a multiple of 33?
False
Is 67 a factor of 185992?
True
Is 1271792 a multiple of 808?
True
Does 271 divide 222252?
False
Is 135 a factor of 586485?
False
Is 3 a factor of 1562844?
True
Does 118 divide 199066?
True
Is 613 a factor of 1058038?
True
Is 993127 a multiple of 4?
False
Does 6 divide 216132?
True
Is 119628 a multiple of 36?
True
Is 6 a factor of 96474?
True
Does 7 divide 200200?
True
Is 55844 a multiple of 4?
True
Is 13 a factor of 200807?
False
Does 1547 divide 17496570?
True
Does 1794 divide 7461246?
True
Is 669391 a multiple of 205?
False
Does 2 divide 12436?
True
Does 482 divide 2902604?
True
Does 138 divide 122820?
True
Is 14 a factor of 121682?
False
Is 2150556 a multiple of 12?
True
Is 32 a factor of 1325459?
False
Is 4989062 a multiple of 607?
False
Is 23 a factor of 3649367?
False
Is 14 a factor of 4131890?
True
Does 85 divide 908310?
True
Does 149 divide 265667?
True
Is 151 a factor of 1087049?
True
Is 39030 a multiple of 26?
False
Does 58 divide 195794?
False
Is 43 a factor of 110937?
False
Is 5950044 a multiple of 666?
True
Is 700 a factor of 67900?
True
Is 37 a factor of 1819?
False
Does 118 divide 370638?
True
Is 23107420 a multiple of 28?
True
Is 737568 a multiple of 36?
True
Is 6 a factor of 269742?
True
Is 410 a factor of 10277620?
False
Does 5 divide 339937?
False
Does 4 divide 1030980?
True
Does 8 divide 65854?
False
Does 30 divide 785130?
True
Is 401010 a multiple of 4?
False
Is 13 a factor of 405912?
True
Is 3959767 a multiple of 21?
False
Is 351 a factor of 67842?
False
Is 221920 a multiple of 152?
True
Is 50 a factor of 56250?
True
Is 35 a factor of 6426910?
True
Is 5 a factor of 1542646?
False
Is 136 a factor of 6874800?
True
Is 86505 a multiple of 2?
False
Is 12 a factor of 4757652?
True
Is 7 a factor of 1539608?
True
Does 5 divide 33997?
False
Is 5759875 a multiple of 649?
True
Is 130400 a multiple of 200?
True
Is 102908 even?
True
Does 7 divide 5412680?
True
Is 26 a factor of 1314196?
True
Does 1060 divide 10145161?
False
Does 3 divide 2086545?
True
Does 22 divide 46495?
False
Is 70 a factor of 210111?
False
Does 2 divide 21188?
True
Is 547 a factor of 298662?
True
Is 9984462 a multiple of 19?
True
Is 62784 a multiple of 72?
True
Does 12 divide 9866064?
True
Is 51 a factor of 234549?
True
Is 33 a factor of 1208163?
True
Does 94 divide 4955398?
True
Does 15 divide 222082?
False
Is 342056 a multiple of 169?
True
Does 47 divide 4676514?
False
Is 25 a factor of 77775?
True
Does 38 divide 5667168?
True
Does 619 divide 4760110?
True
Does 48 divide 5578608?
True
Does 693 divide 192373?
False
Does 14 divide 57344?
True
Is 561279 a multiple of 19?
True
Is 14 a factor of 666888?
False
Is 6316765 a multiple of 7?
True
Is 498 a factor of 94069?
False
Does 3 divide 226515?
True
Is 261 a factor of 13414878?
True
Does 87 divide 533397?
True
Does 131 divide 341856?
False
Does 42 divide 51475?
False
Does 149 divide 106957?
False
Is 5 a factor of 2254238?
False
Is 10 a factor of 284278?
False
Does 11 divide 1467496?
False
Does 129 divide 571083?
True
Does 17 divide 2327946?
True
Is 137769 a multiple of 46?
False
Does 37 divide 13778163?
False
Is 18 a factor of 5898155?
False
Is 13 a factor of 267588?
False
Is 7 a factor of 1212316?
True
Does 28 divide 6527650?
False
Is 311 a factor of 150213?
True
Is 12013 a multiple of 4?
False
Is 155 a factor of 176545?
True
Is 11 a factor of 170?
False
Is 1048 a factor of 8031063?
False
Does 667 divide 294814?
True
Is 14 a factor of 24136?
True
Is 432 a factor of 1564704?
True
Is 81 a factor of 24381?
True
Is 342570 a multiple of 6?
True
Is 350316 a multiple of 30?
False
Does 11 divide 1843226?
True
Is 3083623 a multiple of 3?
False
Is 6 a factor of 39294?
True
Is 55197 a multiple of 3?
True
Does 87 divide 67754?
False
Is 86723 a multiple of 13?
True
Is 1112 a factor of 852353?
False
Does 189 divide 511291?
False
Does 15 divide 28181505?
True
Does 610 divide 8575314?
False
Is 7429920 a multiple of 20?
True
Is 2725206 a multiple of 417?
False
Does 5 divide 152420?
True
Is 48 a factor of 198720?
True
Does 21 divide 7377872?
False
Is 1277677 a multiple of 166?
False
Is 8 a factor of 17912?
True
Is 170567 a multiple of 26?
False
Is 370 a factor of 1680540?
True
Is 243168 a multiple of 24?
True
Is 7175843 a multiple of 605?
False
Is 11 a factor of 305024?
False
Is 18 a factor of 3514060?
False
Is 457 a factor of 10899450?
True
Does 135 divide 397710?
True
Is 179940 a multiple of 6?
True
Is 7 a factor of 191623?
False
Does 16 divide 843674?
False
Is 7 a factor of 768341?
True
Is 749534 a multiple of 317?
False
Is 123 a factor of 163221?
True
Is 67638 a multiple of 4?
False
Is 210 a factor of 443310?
True
Is 1260710 a multiple of 10?
True
Is 13519 a multiple of 2?
False
Does 61 divide 8819746?
True
Does 143 divide 8945?
False
Does 18 divide 17352?
True
Does 20 divide 48994?
False
Does 49 divide 356122?
False
Is 4070026 a multiple of 1074?
False
Is 475322 a multiple of 17?
False
Is 182 a factor of 66794?
True
Does 51 divide 1647912?
True
Is 332 a factor of 65404?
True
Is 458 a factor of 929870?
False
Is 2886219 a multiple of 9?
True
Does 8 divide 7011192?
True
Is 8 a factor of 2389280?
True
Does 26 divide 1542450?
True
Is 259372 a multiple of 12?
False
Is 29 a factor of 2878540?
True
Is 16 a factor of 507027?
False
Does 4 divide 367214?
False
Is 3335 a multiple of 115?
True
Does 4 divide 990731?
False
Does 10 divide 148820?
True
Is 255 a factor of 119085?
True
Is 253775 a multiple of 13?
False
Is 20455702 a multiple of 43?
True
Does 15 divide 1483080?
True
Is 26 a factor of 258536?
False
Does 12 divide 357684?
True
Does 3 divide 3760635?
True
Is 651 a factor of 557904?
False
Does 14 divide 111104?
True
Is 611 a factor of 9590867?
True
Is 3253104 a multiple of 171?
True
Is 36 a factor of 9255528?
True
Does 1086 divide 3650046?
True
Does 11 divide 126729?
False
Does 44 divide 677695?
False
Does 124 divide 45012?
True
Is 1137236 a multiple of 5?
False
Does 13 divide 8592207?
True
Is 34 a factor of 2196774?
True
Is 10 a factor of 7462774?
False
Does 192 divide 4273814?
False
Is 16 a factor of 2090336?
True
Is 16 a factor of 786528?
True
Does 677 divide 4330769?
True
Is 53176 a multiple of 34?
True
Does 108 divide 1404?
True
Is 554 a factor of 16402278?
True
Is 25 a factor of 4975857?
False
Is 3 a factor of 1021695?
True
Is 1245487 a multiple of 31?
True
Is 10052 a multiple of 28?
True
Is 362 a factor of 1155580?
False
Is 28373840 a multiple of 11?
True
Is 90 a factor of 466020?
True
Is 24 a factor of 662883?
False
Does 26 divide 2136747?
False
Is 112 a factor of 70820?
False
Is 1077715 a multiple of 31?
True
Is 8487690 a multiple of 200?
False
Is 11 a factor of 67034?
True
Does 15 divide 292380?
True
Does 435 divide 280894?
False
Is 2979990 a multiple of 27?
True
Is 1582508 a multiple of 74?
False
Is 13 a factor of 328407?
False
Is 71676 a multiple of 66?
True
Is 674 a factor of 4606295?
False
Is 1080439 a mult